(-1) - 1*14. Let o be (-3)/(4/(-1 - 15)). Let w = b + o. Determine s(w).
-7
Let d(h) = h**2 + 2*h - 2. Let v(y) = -40*y**2 + 2*y - 39*y**2 - y**3 + 73*y**2 + 8. Let r(i) = i - 2. Let c be r(-4). Let b be v(c). What is d(b)?
6
Let m(a) = -2*a**2 + 5*a + 23. Let i be m(-7). Let c = -108 - i. Let l(x) = 0 - x - 4 + c*x + 1. Give l(3).
0
Suppose 4634*l - 4623*l = 44. Let q(j) = -9*j**2 + 33*j. Determine q(l).
-12
Let a(u) = 23*u - 45. Let d(n) = 51*n - 85. Let z(x) = -15*a(x) + 6*d(x). What is z(4)?
9
Let w = 27 - 22. Suppose -w*s + 7 = 2. Let z(v) = 3*v - s - 5*v**2 - 11*v**2 + 15*v**2. Determine z(2).
1
Let a = -18 - -12. Let j(z) = 32*z**2 + 4*z + 0*z + 141*z**2 - 172*z**2 - 6. Give j(a).
6
Let v(w) be the second derivative of w**4/12 + 3*w**3/2 + 3*w**2/2 + 143*w. Let s = -7 - -6. Let x = -5 + s. Calculate v(x).
-15
Let a(j) = 292*j - 1175. Let t be a(4). Let m = 22 + -15. Let r(b) = -1 + 10*b - m + b**2 - 2*b - b. Give r(t).
-8
Let j(f) = f + 3. Let l = 237 + -237. Suppose -12 = 4*y - l. What is j(y)?
0
Let w = 111 + -63. Let h be (-4)/w*-4 + 304/6. Suppose -7 = -52*k + h*k. Let y(n) = n**2 - 10*n + 5. Calculate y(k).
-16
Let q(y) = 12*y + 47. Let t be (-14)/8*8*(-1 - (-15)/10). What is q(t)?
-37
Let u(h) be the third derivative of 17*h**4/24 + 16*h**3/3 + 67*h**2 + 7*h + 1. Calculate u(-2).
-2
Let d(p) = 5*p + 8. Let u(r) = -280*r - 490. Let c(z) = 35*z + 61. Let m(y) = 25*c(y) + 3*u(y). Let o(b) = -20*d(b) + 3*m(b). Determine o(-4).
-15
Let f = 10 - 10. Let z(o) be the first derivative of 8*o - 15 - 1/2*o**2. Calculate z(f).
8
Let m(o) = -30*o - 6. Let s(u) be the third derivative of 15*u**4/4 + 10*u**3/3 - 2*u**2 + 62. Let q(i) = -10*m(i) - 3*s(i). What is q(1)?
30
Let l(m) = -m**2 - 14*m - 26. Let h = 4557 + -4561. What is l(h)?
14
Let z be -2*(-5)/10 - (-62 - 3). Let i(d) = 67 - 80*d + 76*d - z. Give i(2).
-7
Let n(j) be the third derivative of -j**6/120 - j**5/15 - 11*j**3/6 - 6121*j**2. Determine n(0).
-11
Let g = -2 - 0. Let l(z) = -3*z**2 + 18*z + 9. Let k(v) = -v**2 + 6*v + 3. Let q(u) = g*l(u) + 7*k(u). Suppose -4*m + m - 164 = -182. Calculate q(m).
3
Let u(g) = -26*g - 158. Let t be (32/(-40))/(2/15). What is u(t)?
-2
Let m(c) be the third derivative of c**5/30 - 7*c**4/24 - 2*c**3/3 + 190*c**2. Suppose -2*t - 8 = -3*r, -r + 21 = -5*t + 8*t. What is m(r)?
26
Let u(g) = -19*g**2 - 5*g**2 + 7307*g**3 + 11 + g + 14 + 21*g - 7306*g**3. Calculate u(23).
2
Let j = 83 + -78. Suppose 2*d + g + 10 = 0, -3*d = -4*d + 5*g - j. Let t(m) = -2*m - 5*m - 3 + 3*m. What is t(d)?
17
Let a(u) be the first derivative of 26*u**3/3 - 64*u**2 - 9*u + 3818. Calculate a(5).
1
Let r be (12/(-27))/((-24)/108). Let g(p) = -5*p - 5 - 2 + p**r + 0. What is g(7)?
7
Suppose -4*b = -16, 101*b + 20 = -s + 103*b. Let g(a) = -10*a - 118. What is g(s)?
2
Let j(r) = 76*r**3 + 55*r**2 - 104*r - 103. Let t(g) = 9*g**3 + 7*g**2 - 13*g - 13. Let b(a) = 2*j(a) - 17*t(a). Give b(-10).
-15
Let w(v) = -v - 26. Suppose 60*n = 11*n - 1225. Calculate w(n).
-1
Let w(a) = 8*a**2 + 637*a + 930. Let t(z) = z**2 + 88*z + 133. Let g(j) = 22*t(j) - 3*w(j). Give g(-4).
4
Let h(o) be the first derivative of -o**3/3 - 5*o**2/2 + 8*o - 24670. Let k = -22 - -16. Calculate h(k).
2
Let k(c) = -c**3 + 9*c**2 + c - 9. Let q(x) = 607*x - 1206. Let h be q(2). Determine k(h).
63
Let z = 0 + 6. Suppose 8 = -116*q + 120*q. Let l(a) = 0*a**2 - 418 - a**q + 425 + 4*a. Calculate l(z).
-5
Let s(y) = 2*y - 3. Let v be (-2 - -3)*(36 + 5). Let k = v + -38. Suppose i = k - 0. Give s(i).
3
Let v(k) = k**2 - 11*k + 1. Let z(d) = 8*d**2 - 101*d + 8. Let q(y) = 10*v(y) - z(y). Suppose 15 = 2*t + 3. What is q(t)?
20
Let o(x) = -3*x**2 - 4*x + 20. Suppose -1009 + 817 = -96*r. Determine o(r).
0
Suppose 49 = 7*s - 35. Let x(z) = -5*z**3 - 10*z**2 + 8*z + 9. Let m(h) = 8*h**3 + 21*h**2 - 17*h - 19. Let d(g) = -3*m(g) - 5*x(g). What is d(s)?
0
Let r(l) be the second derivative of -l**5/4 + l**4/6 + 2*l**3/3 - 2*l**2 - 1073*l. What is r(2)?
-28
Let w(m) be the third derivative of -m**6/120 - m**5/20 + m**4/12 + m**3/2 - 16*m**2. Suppose 11*v - 15 + 48 = 0. Calculate w(v).
-3
Suppose -23*y + 9 = -20*y. Let z(o) be the first derivative of -2*o**3/3 + 3*o**2/2 + 4*o - 498. Determine z(y).
-5
Let n(q) = 3*q**3 - 31*q**2 + 47*q + 29. Let b = -123 + 134. Let m(k) = -k**3 + 10*k**2 - 16*k - 10. Let l(s) = b*m(s) + 4*n(s). Determine l(13).
-7
Let d(x) be the first derivative of x**6/90 + x**4/24 + 37*x**3/3 + 35. Let s(a) be the third derivative of d(a). Calculate s(1).
5
Let k = -1820 + 1803. Let o(g) = -g**3 - 18*g**2 - 18*g - 26. Calculate o(k).
-9
Suppose 5*g = 3*t + 6 + 9, 5*g - 15 = 4*t. Suppose 5*s + o = 10, -g*s + 0*s + 28 = 5*o. Let v(i) = -16*i + s - 3 + 3. Give v(-1).
17
Let t(a) = -9*a**3 + 3*a**2 + a - 4. Let c(x) = -241*x + 6987. Let g be c(29). Calculate t(g).
78
Let d(l) = -7*l - 62. Suppose 2*g + 142 - 262 = 10*g. Give d(g).
43
Suppose 0 = 129*w - 244 - 14. Let x(u) = 8*u - 13. What is x(w)?
3
Let g be 28/14 + (-12)/4. Let l(d) = 29*d + 24. Let z be l(g). Let v(b) = b**3 + 4*b**2 - b + 4. Determine v(z).
-16
Let l = -26 - -31. Let w(r) = 15 + l - r - 26. What is w(0)?
-6
Let p be ((-18)/8)/((-274)/(-1096)). Let b(m) = 34*m + 299. What is b(p)?
-7
Let z(v) = -2*v**2 - 11*v - 13. Let f(s) = -s**2 - 57*s - 438. Let g be f(-48). Determine z(g).
-19
Suppose 0 = -3*x - 2*q - 4 - 1, 4*x - 4*q = -20. Let t(m) be the third derivative of -m**2 + 0*m + 3 + 1/60*m**5 + 0*m**4 + 1/2*m**3. What is t(x)?
12
Let y(v) = -v**2 - 11*v - 19. Let i be y(-8). Let z(b) = -15*b + 10 + 7*b - i + 10*b. Give z(-5).
-5
Let a = 20448 + -20445. Let h(d) = -d**3 - d**2 - 3*d + 18. Calculate h(a).
-27
Let a = -127 - -185. Let f = -60 + a. Let y(r) = r**3 - 2*r - 7*r**3 + r**3 + 4*r**3 - 4*r**2. Determine y(f).
-4
Let t(r) = -9*r**2 - 44*r + 1. Let v(f) = -2*f**2 - 2*f - 1. Let x(b) = -2*t(b) + 4*v(b). Determine x(-8).
-6
Let i(o) be the third derivative of o**6/120 - o**5/60 + o**4/24 - o**3/3 + 406*o**2. Let a(v) = v. Let w be a(3). Suppose w*y - 1 = 5. Determine i(y).
4
Let n(j) be the second derivative of -j**5/60 - 43*j**3/6 + 31*j**2/2 - 12*j + 4. Let q(a) be the first derivative of n(a). Give q(0).
-43
Let z(j) = j**2 - 12*j + 11. Let f = 337 - 197. Let k = -128 + f. Give z(k).
11
Let y(w) be the second derivative of -w**3/6 + 3*w**2/2 + 9*w. Let m be y(-12). Let r(l) = -2*l + 29. Let n be r(m). Let b(s) = 8*s - 1. What is b(n)?
-9
Suppose 0 = -3*y - a - 5, 5*y - 2*a - 10 = y. Let r(m) = 0 + y - 6 + m. Let k be (-245)/14*((-26)/(-10) - 3). What is r(k)?
1
Let y(c) be the second derivative of 8*c**3/3 + 7*c**2/2 - c - 3. Let n be y(0). Let h(o) = -2*o + 9. Determine h(n).
-5
Let d(g) = -20*g**2 - 66*g + 838. Let n be d(5). Let y(o) be the third derivative of o**4/24 - 7*o**3/6 - o**2. Calculate y(n).
1
Let k(l) = -2*l**2 - 17*l. Suppose 0 = -79*q + 77*q - 16. Let z be k(q). Let g(b) = -b + 6. What is g(z)?
-2
Let m = 31 - 17. Let c(x) = -11*x + 20 - 21 - m*x. Give c(-1).
24
Let b(g) = -3*g - 4. Let s be (-3)/(-4) + 27/12 + -2. Suppose s = 5*c + 6. Let h be c/2 + (-14)/4. What is b(h)?
8
Let g = -56 - 3. Let n = -50 - g. Let l(v) = 7*v - 34. Let i(w) = 6*w - 29. Let c(a) = 6*i(a) - 5*l(a). Calculate c(n).
5
Let p(u) = u - 1. Let c(r) = r**2 - r - 95. Let g be c(10). Let n(v) = -2*v + 2. Let s(k) = g*p(k) - 3*n(k). Give s(1).
0
Let q(n) = 0*n**2 - 3 + 8*n + 5*n**2 - 10 - 7 - n**3 - 6*n. What is q(4)?
4
Let v(j) = 1. Let k(z) = z**3 - 8*z**2 - 8*z - 9. Let o be 6 + -4 - 8 - -5. Let r(t) = o*k(t) - 6*v(t). Give r(9).
-6
Let f = -2/32165 - -96511/257320. Let p(b) be the third derivative of f*b**4 + 0 + 8*b**2 + 0*b + 1/10*b**5 - 1/120*b**6 - 7/6*b**3. What is p(7)?
7
Let j be 46*(-15 - -4 - 42/(-4)). Let b(h) = h**2 + 15*h - 8. What is b(j)?
176
Let m(x) be the third derivative of x**7/2520 - 7*x**6/720 - x**5/15 + 31*x**4/6 + 31*x**2. Let i(s) be the second derivative of m(s). What is i(8)?
0
Let z(d) = -34*d + 71. Suppose -10 = 2*u + 2*v - 4, -3*u = -7*v - 41. Determine z(u).
3
Let p(z) = -4 - 282*z + 30*z**2 - 31*z**2 + 286*z. Let r = -2 - -5. Determine p(r).
-1
Let n(r) = 1821 + 1795 + 6*r - 3582. Calculate n(-6).
-2
Let w(r) = -4*r - 70. Let t be w(-21). Let c(n) = 28*n**3 - t*n**3 - 15*n**3 + 4 - 7*n**2 - 3*n - n. Suppose -b - 27